{"id":4149,"date":"2021-09-15T11:24:52","date_gmt":"2021-09-15T03:24:52","guid":{"rendered":"https:\/\/www.asiadies.com\/?post_type=product&#038;p=4149"},"modified":"2021-09-29T16:13:21","modified_gmt":"2021-09-29T08:13:21","slug":"manufacturer-of-thread-rolling-dies-for-all-fastener-types","status":"publish","type":"product","link":"https:\/\/www.asiadies.com\/index.php\/es\/product\/manufacturer-of-thread-rolling-dies-for-all-fastener-types\/","title":{"rendered":"Fabricante de matrices de laminaci\u00f3n de roscas para todos los tipos de sujetadores"},"content":{"rendered":"<p><img loading=\"lazy\" class=\"size-full wp-image-4150\" src=\"https:\/\/www.asiadies.com\/wp-content\/uploads\/2021\/09\/Manufacturer-of-Thread-Rolling-Dies-for-all-Fastener-types.jpg\" alt=\"Manufacturer of Thread Rolling Dies for all Fastener types\" width=\"750\" height=\"750\" \/><\/p>\n<p><img loading=\"lazy\" class=\"size-full wp-image-4151\" src=\"https:\/\/www.asiadies.com\/wp-content\/uploads\/2021\/09\/Manufacturer-of-Thread-Rolling-Dies-for-all-Fastener-types-3.jpg\" alt=\"Manufacturer of Thread Rolling Dies for all Fastener types\" width=\"750\" height=\"1500\" \/><\/p>\n<p><img loading=\"lazy\" class=\"size-full wp-image-4152\" src=\"https:\/\/www.asiadies.com\/wp-content\/uploads\/2021\/09\/Manufacturer-of-Thread-Rolling-Dies-for-all-Fastener-types-2.jpg\" alt=\"Manufacturer of Thread Rolling Dies for all Fastener types\" width=\"750\" height=\"750\" \/><\/p>\n<p><img loading=\"lazy\" class=\"size-full wp-image-4153\" src=\"https:\/\/www.asiadies.com\/wp-content\/uploads\/2021\/09\/Manufacturer-of-Thread-Rolling-Dies-for-all-Fastener-types-5.jpg\" alt=\"Manufacturer of Thread Rolling Dies for all Fastener types\" width=\"750\" height=\"1500\" \/><\/p>\n<p><img loading=\"lazy\" class=\"size-full wp-image-4154\" src=\"https:\/\/www.asiadies.com\/wp-content\/uploads\/2021\/09\/Manufacturer-of-Thread-Rolling-Dies-for-all-Fastener-types-4.jpg\" alt=\"Manufacturer of Thread Rolling Dies for all Fastener types\" width=\"750\" height=\"1500\" \/><\/p>\n<p><img loading=\"lazy\" class=\"size-full wp-image-4155\" src=\"https:\/\/www.asiadies.com\/wp-content\/uploads\/2021\/09\/Manufacturer-of-Thread-Rolling-Dies-for-all-Fastener-types-6.jpg\" alt=\"Manufacturer of Thread Rolling Dies for all Fastener types\" width=\"750\" height=\"750\" \/><\/p>\n<!-- AddThis Advanced Settings generic via filter on the_content --><!-- AddThis Share Buttons generic via filter on the_content -->","protected":false},"excerpt":{"rendered":"<p>Cantidad de orden m\u00ednima: 1PCS<br \/>\nCapacidad de producci\u00f3n mensual: 1000-2000 piezas<br \/>\nOrigen del material\uff1aFuji Japan \/ Ceratizit \/ Chunbao TaiWan \/ Others<br \/>\nMarca: Asia Dies<br \/>\nProcesamiento: se puede personalizar<br \/>\nProceso: pulido del espejo del agujero interior Ra0.1<!-- AddThis Advanced Settings generic via filter on get_the_excerpt --><!-- AddThis Share Buttons generic via filter on get_the_excerpt --><\/p>\n","protected":false},"featured_media":4158,"template":"","meta":[],"product_cat":[765],"product_tag":[],"yoast_head":"<!-- This site is optimized with the Yoast SEO plugin v17.0 - https:\/\/yoast.com\/wordpress\/plugins\/seo\/ -->\n<title>Fabricante de matrices de laminaci\u00f3n de roscas para todos los tipos de sujetadores |<\/title>\n<meta name=\"robots\" content=\"index, follow, max-snippet:-1, max-image-preview:large, max-video-preview:-1\" \/>\n<link rel=\"canonical\" href=\"https:\/\/www.asiadies.com\/index.php\/es\/product\/manufacturer-of-thread-rolling-dies-for-all-fastener-types\/\" \/>\n<meta property=\"og:locale\" content=\"en_US\" \/>\n<meta property=\"og:type\" content=\"article\" \/>\n<meta property=\"og:title\" content=\"Fabricante de matrices de laminaci\u00f3n de roscas para todos los tipos de sujetadores |\" \/>\n<meta property=\"og:description\" content=\"Cantidad de orden m\u00ednima: 1PCS Capacidad de producci\u00f3n mensual: 1000-2000 piezas Origen del material\uff1aFuji Japan \/ Ceratizit \/ Chunbao TaiWan \/ Others Marca: Asia Dies Procesamiento: se puede personalizar Proceso: pulido del espejo del agujero interior Ra0.1\" \/>\n<meta property=\"og:url\" content=\"https:\/\/www.asiadies.com\/index.php\/es\/product\/manufacturer-of-thread-rolling-dies-for-all-fastener-types\/\" \/>\n<meta property=\"article:modified_time\" content=\"2021-09-29T08:13:21+00:00\" \/>\n<meta property=\"og:image\" content=\"https:\/\/asiadies.yuanjie.online\/wp-content\/uploads\/2021\/09\/B6A3452.jpg\" \/>\n\t<meta property=\"og:image:width\" content=\"600\" \/>\n\t<meta property=\"og:image:height\" content=\"600\" \/>\n<meta name=\"twitter:card\" content=\"summary_large_image\" \/>\n<script type=\"application\/ld+json\" class=\"yoast-schema-graph\">{\"@context\":\"https:\/\/schema.org\",\"@graph\":[{\"@type\":\"Organization\",\"@id\":\"https:\/\/www.asiadies.com\/#organization\",\"name\":\"Asia Dies Tools\",\"url\":\"https:\/\/www.asiadies.com\/\",\"sameAs\":[],\"logo\":{\"@type\":\"ImageObject\",\"@id\":\"https:\/\/www.asiadies.com\/#logo\",\"inLanguage\":\"en-US\",\"url\":\"https:\/\/www.asiadies.com\/wp-content\/uploads\/2021\/08\/Home-Logo-1Home-Top-Left-ratio-3-1.png\",\"contentUrl\":\"https:\/\/www.asiadies.com\/wp-content\/uploads\/2021\/08\/Home-Logo-1Home-Top-Left-ratio-3-1.png\",\"width\":2000,\"height\":666,\"caption\":\"Asia Dies Tools\"},\"image\":{\"@id\":\"https:\/\/www.asiadies.com\/#logo\"}},{\"@type\":\"WebSite\",\"@id\":\"https:\/\/www.asiadies.com\/#website\",\"url\":\"https:\/\/www.asiadies.com\/\",\"name\":\"ASIA DIES\",\"description\":\"Professional hardware service provider\",\"publisher\":{\"@id\":\"https:\/\/www.asiadies.com\/#organization\"},\"potentialAction\":[{\"@type\":\"SearchAction\",\"target\":{\"@type\":\"EntryPoint\",\"urlTemplate\":\"https:\/\/www.asiadies.com\/?s={search_term_string}\"},\"query-input\":\"required name=search_term_string\"}],\"inLanguage\":\"en-US\"},{\"@type\":\"ImageObject\",\"@id\":\"https:\/\/www.asiadies.com\/index.php\/es\/product\/manufacturer-of-thread-rolling-dies-for-all-fastener-types\/#primaryimage\",\"inLanguage\":\"en-US\",\"url\":\"https:\/\/www.asiadies.com\/wp-content\/uploads\/2021\/09\/B6A3452.jpg\",\"contentUrl\":\"https:\/\/www.asiadies.com\/wp-content\/uploads\/2021\/09\/B6A3452.jpg\",\"width\":600,\"height\":600,\"caption\":\"Fabricante de matrices de laminaci\\u00f3n de roscas para todos los tipos de sujetadores\"},{\"@type\":\"WebPage\",\"@id\":\"https:\/\/www.asiadies.com\/index.php\/es\/product\/manufacturer-of-thread-rolling-dies-for-all-fastener-types\/#webpage\",\"url\":\"https:\/\/www.asiadies.com\/index.php\/es\/product\/manufacturer-of-thread-rolling-dies-for-all-fastener-types\/\",\"name\":\"Fabricante de matrices de laminaci\\u00f3n de roscas para todos los tipos de sujetadores |\",\"isPartOf\":{\"@id\":\"https:\/\/www.asiadies.com\/#website\"},\"primaryImageOfPage\":{\"@id\":\"https:\/\/www.asiadies.com\/index.php\/es\/product\/manufacturer-of-thread-rolling-dies-for-all-fastener-types\/#primaryimage\"},\"datePublished\":\"2021-09-15T03:24:52+00:00\",\"dateModified\":\"2021-09-29T08:13:21+00:00\",\"breadcrumb\":{\"@id\":\"https:\/\/www.asiadies.com\/index.php\/es\/product\/manufacturer-of-thread-rolling-dies-for-all-fastener-types\/#breadcrumb\"},\"inLanguage\":\"en-US\",\"potentialAction\":[{\"@type\":\"ReadAction\",\"target\":[\"https:\/\/www.asiadies.com\/index.php\/es\/product\/manufacturer-of-thread-rolling-dies-for-all-fastener-types\/\"]}]},{\"@type\":\"BreadcrumbList\",\"@id\":\"https:\/\/www.asiadies.com\/index.php\/es\/product\/manufacturer-of-thread-rolling-dies-for-all-fastener-types\/#breadcrumb\",\"itemListElement\":[{\"@type\":\"ListItem\",\"position\":1,\"name\":\"Home\",\"item\":\"https:\/\/www.asiadies.com\/index.php\/en\/home\/\"},{\"@type\":\"ListItem\",\"position\":2,\"name\":\"Products\",\"item\":\"https:\/\/www.asiadies.com\/index.php\/pt\/products\/\"},{\"@type\":\"ListItem\",\"position\":3,\"name\":\"Fabricante de matrices de laminaci\\u00f3n de roscas para todos los tipos de sujetadores\"}]}]}<\/script>\n<!-- \/ Yoast SEO plugin. -->","yoast_head_json":{"title":"Fabricante de matrices de laminaci\u00f3n de roscas para todos los tipos de sujetadores |","robots":{"index":"index","follow":"follow","max-snippet":"max-snippet:-1","max-image-preview":"max-image-preview:large","max-video-preview":"max-video-preview:-1"},"canonical":"https:\/\/www.asiadies.com\/index.php\/es\/product\/manufacturer-of-thread-rolling-dies-for-all-fastener-types\/","og_locale":"en_US","og_type":"article","og_title":"Fabricante de matrices de laminaci\u00f3n de roscas para todos los tipos de sujetadores |","og_description":"Cantidad de orden m\u00ednima: 1PCS Capacidad de producci\u00f3n mensual: 1000-2000 piezas Origen del material\uff1aFuji Japan \/ Ceratizit \/ Chunbao TaiWan \/ Others Marca: Asia Dies Procesamiento: se puede personalizar Proceso: pulido del espejo del agujero interior Ra0.1","og_url":"https:\/\/www.asiadies.com\/index.php\/es\/product\/manufacturer-of-thread-rolling-dies-for-all-fastener-types\/","article_modified_time":"2021-09-29T08:13:21+00:00","og_image":[{"width":600,"height":600,"url":"https:\/\/asiadies.yuanjie.online\/wp-content\/uploads\/2021\/09\/B6A3452.jpg","path":"\/var\/www\/html\/www.asiadies.com\/wp-content\/uploads\/2021\/09\/B6A3452.jpg","size":"full","id":4158,"alt":"Fabricante de matrices de laminaci\u00f3n de roscas para todos los tipos de sujetadores","pixels":360000,"type":"image\/jpeg"}],"twitter_card":"summary_large_image","schema":{"@context":"https:\/\/schema.org","@graph":[{"@type":"Organization","@id":"https:\/\/www.asiadies.com\/#organization","name":"Asia Dies Tools","url":"https:\/\/www.asiadies.com\/","sameAs":[],"logo":{"@type":"ImageObject","@id":"https:\/\/www.asiadies.com\/#logo","inLanguage":"en-US","url":"https:\/\/www.asiadies.com\/wp-content\/uploads\/2021\/08\/Home-Logo-1Home-Top-Left-ratio-3-1.png","contentUrl":"https:\/\/www.asiadies.com\/wp-content\/uploads\/2021\/08\/Home-Logo-1Home-Top-Left-ratio-3-1.png","width":2000,"height":666,"caption":"Asia Dies Tools"},"image":{"@id":"https:\/\/www.asiadies.com\/#logo"}},{"@type":"WebSite","@id":"https:\/\/www.asiadies.com\/#website","url":"https:\/\/www.asiadies.com\/","name":"ASIA DIES","description":"Professional hardware service provider","publisher":{"@id":"https:\/\/www.asiadies.com\/#organization"},"potentialAction":[{"@type":"SearchAction","target":{"@type":"EntryPoint","urlTemplate":"https:\/\/www.asiadies.com\/?s={search_term_string}"},"query-input":"required name=search_term_string"}],"inLanguage":"en-US"},{"@type":"ImageObject","@id":"https:\/\/www.asiadies.com\/index.php\/es\/product\/manufacturer-of-thread-rolling-dies-for-all-fastener-types\/#primaryimage","inLanguage":"en-US","url":"https:\/\/www.asiadies.com\/wp-content\/uploads\/2021\/09\/B6A3452.jpg","contentUrl":"https:\/\/www.asiadies.com\/wp-content\/uploads\/2021\/09\/B6A3452.jpg","width":600,"height":600,"caption":"Fabricante de matrices de laminaci\u00f3n de roscas para todos los tipos de sujetadores"},{"@type":"WebPage","@id":"https:\/\/www.asiadies.com\/index.php\/es\/product\/manufacturer-of-thread-rolling-dies-for-all-fastener-types\/#webpage","url":"https:\/\/www.asiadies.com\/index.php\/es\/product\/manufacturer-of-thread-rolling-dies-for-all-fastener-types\/","name":"Fabricante de matrices de laminaci\u00f3n de roscas para todos los tipos de sujetadores |","isPartOf":{"@id":"https:\/\/www.asiadies.com\/#website"},"primaryImageOfPage":{"@id":"https:\/\/www.asiadies.com\/index.php\/es\/product\/manufacturer-of-thread-rolling-dies-for-all-fastener-types\/#primaryimage"},"datePublished":"2021-09-15T03:24:52+00:00","dateModified":"2021-09-29T08:13:21+00:00","breadcrumb":{"@id":"https:\/\/www.asiadies.com\/index.php\/es\/product\/manufacturer-of-thread-rolling-dies-for-all-fastener-types\/#breadcrumb"},"inLanguage":"en-US","potentialAction":[{"@type":"ReadAction","target":["https:\/\/www.asiadies.com\/index.php\/es\/product\/manufacturer-of-thread-rolling-dies-for-all-fastener-types\/"]}]},{"@type":"BreadcrumbList","@id":"https:\/\/www.asiadies.com\/index.php\/es\/product\/manufacturer-of-thread-rolling-dies-for-all-fastener-types\/#breadcrumb","itemListElement":[{"@type":"ListItem","position":1,"name":"Home","item":"https:\/\/www.asiadies.com\/index.php\/en\/home\/"},{"@type":"ListItem","position":2,"name":"Products","item":"https:\/\/www.asiadies.com\/index.php\/pt\/products\/"},{"@type":"ListItem","position":3,"name":"Fabricante de matrices de laminaci\u00f3n de roscas para todos los tipos de sujetadores"}]}]}},"_links":{"self":[{"href":"https:\/\/www.asiadies.com\/index.php\/wp-json\/wp\/v2\/product\/4149"}],"collection":[{"href":"https:\/\/www.asiadies.com\/index.php\/wp-json\/wp\/v2\/product"}],"about":[{"href":"https:\/\/www.asiadies.com\/index.php\/wp-json\/wp\/v2\/types\/product"}],"version-history":[{"count":5,"href":"https:\/\/www.asiadies.com\/index.php\/wp-json\/wp\/v2\/product\/4149\/revisions"}],"predecessor-version":[{"id":5837,"href":"https:\/\/www.asiadies.com\/index.php\/wp-json\/wp\/v2\/product\/4149\/revisions\/5837"}],"wp:featuredmedia":[{"embeddable":true,"href":"https:\/\/www.asiadies.com\/index.php\/wp-json\/wp\/v2\/media\/4158"}],"wp:attachment":[{"href":"https:\/\/www.asiadies.com\/index.php\/wp-json\/wp\/v2\/media?parent=4149"}],"wp:term":[{"taxonomy":"product_cat","embeddable":true,"href":"https:\/\/www.asiadies.com\/index.php\/wp-json\/wp\/v2\/product_cat?post=4149"},{"taxonomy":"product_tag","embeddable":true,"href":"https:\/\/www.asiadies.com\/index.php\/wp-json\/wp\/v2\/product_tag?post=4149"}],"curies":[{"name":"wp","href":"https:\/\/api.w.org\/{rel}","templated":true}]}}